{"id":8136,"date":"2022-12-20T14:18:53","date_gmt":"2022-12-20T13:18:53","guid":{"rendered":"https:\/\/www.bruzelle.be\/?page_id=8136"},"modified":"2023-03-17T16:58:35","modified_gmt":"2023-03-17T15:58:35","slug":"les-ateliers","status":"publish","type":"page","link":"https:\/\/www.bruzelle.be\/fr\/les-ateliers\/","title":{"rendered":"Les ateliers"},"content":{"rendered":"\t\t<div data-elementor-type=\"wp-page\" data-elementor-id=\"8136\" class=\"elementor elementor-8136\">\n\t\t\t\t\t\t<section class=\"elementor-section elementor-top-section elementor-element elementor-element-6a0944d3 elementor-section-full_width elementor-section-height-min-height elementor-section-stretched elementor-section-height-default elementor-section-items-middle\" data-id=\"6a0944d3\" data-element_type=\"section\" data-settings=\"{&quot;stretch_section&quot;:&quot;section-stretched&quot;,&quot;jet_parallax_layout_list&quot;:[],&quot;background_background&quot;:&quot;classic&quot;}\">\n\t\t\t\t\t\t<div class=\"elementor-container elementor-column-gap-default\">\n\t\t\t\t\t<div class=\"elementor-column elementor-col-100 elementor-top-column elementor-element elementor-element-575dd480\" data-id=\"575dd480\" data-element_type=\"column\">\n\t\t\t<div class=\"elementor-widget-wrap\">\n\t\t\t\t\t\t\t<\/div>\n\t\t<\/div>\n\t\t\t\t\t<\/div>\n\t\t<\/section>\n\t\t\t\t<section class=\"elementor-section elementor-top-section elementor-element elementor-element-22d5dda8 elementor-section-boxed elementor-section-height-default elementor-section-height-default\" data-id=\"22d5dda8\" data-element_type=\"section\" data-settings=\"{&quot;jet_parallax_layout_list&quot;:[]}\">\n\t\t\t\t\t\t<div class=\"elementor-container elementor-column-gap-default\">\n\t\t\t\t\t<div class=\"elementor-column elementor-col-100 elementor-top-column elementor-element elementor-element-7c1d5cd3\" data-id=\"7c1d5cd3\" data-element_type=\"column\">\n\t\t\t<div class=\"elementor-widget-wrap elementor-element-populated\">\n\t\t\t\t\t\t<div class=\"elementor-element elementor-element-58c08f0 elementor-widget elementor-widget-heading\" data-id=\"58c08f0\" data-element_type=\"widget\" data-widget_type=\"heading.default\">\n\t\t\t\t<div class=\"elementor-widget-container\">\n\t\t\t\t\t<h2 class=\"elementor-heading-title elementor-size-default\">Les ateliers<\/h2>\t\t\t\t<\/div>\n\t\t\t\t<\/div>\n\t\t\t\t<div class=\"elementor-element elementor-element-014c598 elementor-widget elementor-widget-text-editor\" data-id=\"014c598\" data-element_type=\"widget\" data-widget_type=\"text-editor.default\">\n\t\t\t\t<div class=\"elementor-widget-container\">\n\t\t\t\t\t\t\t\t\t<p>BruZelle organise des ateliers solidaires et citoyens qui ont pour objectifs, d\u2019une part, la distribution gratuite des produits menstruels \u00e0\u00a0 destination des personnes menstru\u00e9es en situation de pr\u00e9carit\u00e9 et, d\u2019autre part, de sensibiliser les participant.e.s aux th\u00e9matiques des menstruations et de la pr\u00e9carit\u00e9 menstruelle ainsi qu\u2019\u00e0 la d\u00e9construction du tabou autour des r\u00e8gles.<\/p>\t\t\t\t\t\t\t\t<\/div>\n\t\t\t\t<\/div>\n\t\t\t\t\t<\/div>\n\t\t<\/div>\n\t\t\t\t\t<\/div>\n\t\t<\/section>\n\t\t\t\t<section class=\"elementor-section elementor-top-section elementor-element elementor-element-abf729e elementor-section-boxed elementor-section-height-default elementor-section-height-default\" data-id=\"abf729e\" data-element_type=\"section\" data-settings=\"{&quot;jet_parallax_layout_list&quot;:[]}\">\n\t\t\t\t\t\t<div class=\"elementor-container elementor-column-gap-default\">\n\t\t\t\t\t<div class=\"raven-column-link elementor-column elementor-col-33 elementor-top-column elementor-element elementor-element-9df51e6\" data-raven-link=\"https:\/\/www.bruzelle.be\/fr\/les-ateliers\/remplissage-de-trousses\/\" data-raven-link-target=\"_self\" data-id=\"9df51e6\" data-element_type=\"column\" data-settings=\"{&quot;background_background&quot;:&quot;classic&quot;}\">\n\t\t\t<div class=\"elementor-widget-wrap elementor-element-populated\">\n\t\t\t\t\t\t<div class=\"elementor-element elementor-element-65120aa elementor-widget elementor-widget-image\" data-id=\"65120aa\" data-element_type=\"widget\" data-widget_type=\"image.default\">\n\t\t\t\t<div class=\"elementor-widget-container\">\n\t\t\t\t\t\t\t\t\t\t\t\t\t\t\t<img decoding=\"async\" width=\"124\" height=\"100\" src=\"https:\/\/www.bruzelle.be\/wp-content\/uploads\/2023\/02\/Trousse-124x100-2.png\" class=\"elementor-animation-pulse attachment-large size-large wp-image-10192\" alt=\"\" \/>\t\t\t\t\t\t\t\t\t\t\t\t\t\t\t<\/div>\n\t\t\t\t<\/div>\n\t\t\t\t<div class=\"elementor-element elementor-element-9d8872c e-transform elementor-widget elementor-widget-icon-box\" data-id=\"9d8872c\" data-element_type=\"widget\" data-settings=\"{&quot;_transform_scale_effect_hover&quot;:{&quot;unit&quot;:&quot;px&quot;,&quot;size&quot;:0.9,&quot;sizes&quot;:[]},&quot;_transform_scale_effect_hover_tablet&quot;:{&quot;unit&quot;:&quot;px&quot;,&quot;size&quot;:&quot;&quot;,&quot;sizes&quot;:[]},&quot;_transform_scale_effect_hover_mobile&quot;:{&quot;unit&quot;:&quot;px&quot;,&quot;size&quot;:&quot;&quot;,&quot;sizes&quot;:[]}}\" data-widget_type=\"icon-box.default\">\n\t\t\t\t<div class=\"elementor-widget-container\">\n\t\t\t\t\t\t\t<div class=\"elementor-icon-box-wrapper\">\n\n\t\t\t\n\t\t\t\t\t\t<div class=\"elementor-icon-box-content\">\n\n\t\t\t\t\n\t\t\t\t\t\t\t\t\t<p class=\"elementor-icon-box-description\">\n\t\t\t\t\t\tremplissage de trousses\t\t\t\t\t<\/p>\n\t\t\t\t\n\t\t\t<\/div>\n\t\t\t\n\t\t<\/div>\n\t\t\t\t\t\t<\/div>\n\t\t\t\t<\/div>\n\t\t\t\t\t<\/div>\n\t\t<\/div>\n\t\t\t\t<div class=\"raven-column-link elementor-column elementor-col-33 elementor-top-column elementor-element elementor-element-357a779\" data-raven-link=\"https:\/\/www.bruzelle.be\/fr\/les-ateliers\/confection-de-trousses\/\" data-raven-link-target=\"_self\" data-id=\"357a779\" data-element_type=\"column\" data-settings=\"{&quot;background_background&quot;:&quot;classic&quot;}\">\n\t\t\t<div class=\"elementor-widget-wrap elementor-element-populated\">\n\t\t\t\t\t\t<div class=\"elementor-element elementor-element-14ca7f7 elementor-widget elementor-widget-image\" data-id=\"14ca7f7\" data-element_type=\"widget\" data-widget_type=\"image.default\">\n\t\t\t\t<div class=\"elementor-widget-container\">\n\t\t\t\t\t\t\t\t\t\t\t\t\t\t\t<img decoding=\"async\" width=\"109\" height=\"100\" src=\"https:\/\/www.bruzelle.be\/wp-content\/uploads\/2023\/02\/Couture-109x100-2.png\" class=\"elementor-animation-pulse attachment-large size-large wp-image-10186\" alt=\"\" \/>\t\t\t\t\t\t\t\t\t\t\t\t\t\t\t<\/div>\n\t\t\t\t<\/div>\n\t\t\t\t<div class=\"elementor-element elementor-element-f89445b e-transform elementor-widget elementor-widget-icon-box\" data-id=\"f89445b\" data-element_type=\"widget\" data-settings=\"{&quot;_transform_scale_effect_hover&quot;:{&quot;unit&quot;:&quot;px&quot;,&quot;size&quot;:0.9,&quot;sizes&quot;:[]},&quot;_transform_scale_effect_hover_tablet&quot;:{&quot;unit&quot;:&quot;px&quot;,&quot;size&quot;:&quot;&quot;,&quot;sizes&quot;:[]},&quot;_transform_scale_effect_hover_mobile&quot;:{&quot;unit&quot;:&quot;px&quot;,&quot;size&quot;:&quot;&quot;,&quot;sizes&quot;:[]}}\" data-widget_type=\"icon-box.default\">\n\t\t\t\t<div class=\"elementor-widget-container\">\n\t\t\t\t\t\t\t<div class=\"elementor-icon-box-wrapper\">\n\n\t\t\t\n\t\t\t\t\t\t<div class=\"elementor-icon-box-content\">\n\n\t\t\t\t\n\t\t\t\t\t\t\t\t\t<p class=\"elementor-icon-box-description\">\n\t\t\t\t\t\tconfection de trousses\t\t\t\t\t<\/p>\n\t\t\t\t\n\t\t\t<\/div>\n\t\t\t\n\t\t<\/div>\n\t\t\t\t\t\t<\/div>\n\t\t\t\t<\/div>\n\t\t\t\t\t<\/div>\n\t\t<\/div>\n\t\t\t\t<div class=\"raven-column-link elementor-column elementor-col-33 elementor-top-column elementor-element elementor-element-557b417\" data-raven-link=\"https:\/\/www.bruzelle.be\/fr\/les-ateliers\/confection-de-serviettes-menstruelles-lavables\/\" data-raven-link-target=\"_self\" data-id=\"557b417\" data-element_type=\"column\" data-settings=\"{&quot;background_background&quot;:&quot;classic&quot;}\">\n\t\t\t<div class=\"elementor-widget-wrap elementor-element-populated\">\n\t\t\t\t\t\t<div class=\"elementor-element elementor-element-e7c6e29 elementor-widget elementor-widget-image\" data-id=\"e7c6e29\" data-element_type=\"widget\" data-widget_type=\"image.default\">\n\t\t\t\t<div class=\"elementor-widget-container\">\n\t\t\t\t\t\t\t\t\t\t\t\t\t\t\t<img decoding=\"async\" width=\"72\" height=\"100\" src=\"https:\/\/www.bruzelle.be\/wp-content\/uploads\/2023\/02\/Serviette-lavable-72x100-2.png\" class=\"elementor-animation-pulse attachment-large size-large wp-image-10189\" alt=\"\" \/>\t\t\t\t\t\t\t\t\t\t\t\t\t\t\t<\/div>\n\t\t\t\t<\/div>\n\t\t\t\t<div class=\"elementor-element elementor-element-7629bb8 e-transform elementor-widget elementor-widget-icon-box\" data-id=\"7629bb8\" data-element_type=\"widget\" data-settings=\"{&quot;_transform_scale_effect_hover&quot;:{&quot;unit&quot;:&quot;px&quot;,&quot;size&quot;:0.9,&quot;sizes&quot;:[]},&quot;_transform_scale_effect_hover_tablet&quot;:{&quot;unit&quot;:&quot;px&quot;,&quot;size&quot;:&quot;&quot;,&quot;sizes&quot;:[]},&quot;_transform_scale_effect_hover_mobile&quot;:{&quot;unit&quot;:&quot;px&quot;,&quot;size&quot;:&quot;&quot;,&quot;sizes&quot;:[]}}\" data-widget_type=\"icon-box.default\">\n\t\t\t\t<div class=\"elementor-widget-container\">\n\t\t\t\t\t\t\t<div class=\"elementor-icon-box-wrapper\">\n\n\t\t\t\n\t\t\t\t\t\t<div class=\"elementor-icon-box-content\">\n\n\t\t\t\t\n\t\t\t\t\t\t\t\t\t<p class=\"elementor-icon-box-description\">\n\t\t\t\t\t\tconfection de serviettes menstruelles lavables\t\t\t\t\t<\/p>\n\t\t\t\t\n\t\t\t<\/div>\n\t\t\t\n\t\t<\/div>\n\t\t\t\t\t\t<\/div>\n\t\t\t\t<\/div>\n\t\t\t\t\t<\/div>\n\t\t<\/div>\n\t\t\t\t\t<\/div>\n\t\t<\/section>\n\t\t\t\t<section class=\"elementor-section elementor-top-section elementor-element elementor-element-9efc54d elementor-section-boxed elementor-section-height-default elementor-section-height-default\" data-id=\"9efc54d\" data-element_type=\"section\" data-settings=\"{&quot;jet_parallax_layout_list&quot;:[]}\">\n\t\t\t\t\t\t<div class=\"elementor-container elementor-column-gap-default\">\n\t\t\t\t\t<div class=\"elementor-column elementor-col-100 elementor-top-column elementor-element elementor-element-fefbc99\" data-id=\"fefbc99\" data-element_type=\"column\">\n\t\t\t<div class=\"elementor-widget-wrap elementor-element-populated\">\n\t\t\t\t\t\t<div class=\"elementor-element elementor-element-49bba9f elementor-widget elementor-widget-text-editor\" data-id=\"49bba9f\" data-element_type=\"widget\" data-widget_type=\"text-editor.default\">\n\t\t\t\t<div class=\"elementor-widget-container\">\n\t\t\t\t\t\t\t\t\t<p>Les ateliers sont des espaces de rencontre, ouverts \u00e0 toutes et tous, qui visent \u00e0 lib\u00e9rer la parole autour des r\u00e8gles par l\u2019\u00e9change informel de v\u00e9cus, de ressentis et d\u2019exp\u00e9riences. Les ateliers ont \u00e9galement une dimension valorisante car ils permettent aux b\u00e9n\u00e9voles de participer activement \u00e0 la lutte contre la pr\u00e9carit\u00e9 menstruelle.<\/p><p>Les ateliers sont toujours gratuits mais l\u2019inscription est obligatoire.<\/p><p>Consultez l\u2019<a href=\"https:\/\/www.bruzelle.be\/fr\/agenda\/\">agenda<\/a> pour conna\u00eetre les dates des ateliers dans votre r\u00e9gion<\/p>\t\t\t\t\t\t\t\t<\/div>\n\t\t\t\t<\/div>\n\t\t\t\t<div class=\"elementor-element elementor-element-70fec0e elementor-widget elementor-widget-spacer\" data-id=\"70fec0e\" data-element_type=\"widget\" data-widget_type=\"spacer.default\">\n\t\t\t\t<div class=\"elementor-widget-container\">\n\t\t\t\t\t\t\t<div class=\"elementor-spacer\">\n\t\t\t<div class=\"elementor-spacer-inner\"><\/div>\n\t\t<\/div>\n\t\t\t\t\t\t<\/div>\n\t\t\t\t<\/div>\n\t\t\t\t\t<\/div>\n\t\t<\/div>\n\t\t\t\t\t<\/div>\n\t\t<\/section>\n\t\t\t\t<\/div>\n\t\t","protected":false},"excerpt":{"rendered":"<p>Les ateliers BruZelle organise des ateliers solidaires et citoyens qui ont pour objectifs, d\u2019une part, la distribution gratuite des produits menstruels \u00e0\u00a0 destination des personnes menstru\u00e9es en situation de pr\u00e9carit\u00e9 et, d\u2019autre part, de sensibiliser les participant.e.s aux th\u00e9matiques des menstruations et de la pr\u00e9carit\u00e9 menstruelle ainsi qu\u2019\u00e0 la d\u00e9construction du tabou autour des r\u00e8gles. [&hellip;]<\/p>\n","protected":false},"author":1,"featured_media":0,"parent":0,"menu_order":4,"comment_status":"closed","ping_status":"closed","template":"","meta":{"_acf_changed":false,"_exactmetrics_skip_tracking":false,"_exactmetrics_sitenote_active":false,"_exactmetrics_sitenote_note":"","_exactmetrics_sitenote_category":0,"footnotes":""},"class_list":["post-8136","page","type-page","status-publish","hentry"],"acf":[],"_links":{"self":[{"href":"https:\/\/www.bruzelle.be\/fr\/wp-json\/wp\/v2\/pages\/8136","targetHints":{"allow":["GET"]}}],"collection":[{"href":"https:\/\/www.bruzelle.be\/fr\/wp-json\/wp\/v2\/pages"}],"about":[{"href":"https:\/\/www.bruzelle.be\/fr\/wp-json\/wp\/v2\/types\/page"}],"author":[{"embeddable":true,"href":"https:\/\/www.bruzelle.be\/fr\/wp-json\/wp\/v2\/users\/1"}],"replies":[{"embeddable":true,"href":"https:\/\/www.bruzelle.be\/fr\/wp-json\/wp\/v2\/comments?post=8136"}],"version-history":[{"count":0,"href":"https:\/\/www.bruzelle.be\/fr\/wp-json\/wp\/v2\/pages\/8136\/revisions"}],"wp:attachment":[{"href":"https:\/\/www.bruzelle.be\/fr\/wp-json\/wp\/v2\/media?parent=8136"}],"curies":[{"name":"wp","href":"https:\/\/api.w.org\/{rel}","templated":true}]}}

<div data-elementor-type="wp-page" data-elementor-id="8136" class="elementor elementor-8136">
						<section class="elementor-section elementor-top-section elementor-element elementor-element-6a0944d3 elementor-section-full_width elementor-section-height-min-height elementor-section-stretched elementor-section-height-default elementor-section-items-middle" data-id="6a0944d3" data-element_type="section" data-settings="{&quot;stretch_section&quot;:&quot;section-stretched&quot;,&quot;jet_parallax_layout_list&quot;:[],&quot;background_background&quot;:&quot;classic&quot;}">
						<div class="elementor-container elementor-column-gap-default">
					<div class="elementor-column elementor-col-100 elementor-top-column elementor-element elementor-element-575dd480" data-id="575dd480" data-element_type="column">
			<div class="elementor-widget-wrap">
							</div>
		</div>
					</div>
		</section>
				<section class="elementor-section elementor-top-section elementor-element elementor-element-22d5dda8 elementor-section-boxed elementor-section-height-default elementor-section-height-default" data-id="22d5dda8" data-element_type="section" data-settings="{&quot;jet_parallax_layout_list&quot;:[]}">
						<div class="elementor-container elementor-column-gap-default">
					<div class="elementor-column elementor-col-100 elementor-top-column elementor-element elementor-element-7c1d5cd3" data-id="7c1d5cd3" data-element_type="column">
			<div class="elementor-widget-wrap elementor-element-populated">
						<div class="elementor-element elementor-element-58c08f0 elementor-widget elementor-widget-heading" data-id="58c08f0" data-element_type="widget" data-widget_type="heading.default">
				<div class="elementor-widget-container">
					<h2 class="elementor-heading-title elementor-size-default">Les ateliers</h2>				</div>
				</div>
				<div class="elementor-element elementor-element-014c598 elementor-widget elementor-widget-text-editor" data-id="014c598" data-element_type="widget" data-widget_type="text-editor.default">
				<div class="elementor-widget-container">
									<p>BruZelle organise des ateliers solidaires et citoyens qui ont pour objectifs, d’une part, la distribution gratuite des produits menstruels à  destination des personnes menstruées en situation de précarité et, d’autre part, de sensibiliser les participant.e.s aux thématiques des menstruations et de la précarité menstruelle ainsi qu’à la déconstruction du tabou autour des règles.</p>								</div>
				</div>
					</div>
		</div>
					</div>
		</section>
				<section class="elementor-section elementor-top-section elementor-element elementor-element-abf729e elementor-section-boxed elementor-section-height-default elementor-section-height-default" data-id="abf729e" data-element_type="section" data-settings="{&quot;jet_parallax_layout_list&quot;:[]}">
						<div class="elementor-container elementor-column-gap-default">
					<div class="raven-column-link elementor-column elementor-col-33 elementor-top-column elementor-element elementor-element-9df51e6" data-raven-link="https://www.bruzelle.be/fr/les-ateliers/remplissage-de-trousses/" data-raven-link-target="_self" data-id="9df51e6" data-element_type="column" data-settings="{&quot;background_background&quot;:&quot;classic&quot;}">
			<div class="elementor-widget-wrap elementor-element-populated">
						<div class="elementor-element elementor-element-65120aa elementor-widget elementor-widget-image" data-id="65120aa" data-element_type="widget" data-widget_type="image.default">
				<div class="elementor-widget-container">
															<img decoding="async" width="124" height="100" src="https://www.bruzelle.be/wp-content/uploads/2023/02/Trousse-124x100-2.png" class="elementor-animation-pulse attachment-large size-large wp-image-10192" alt="" />															</div>
				</div>
				<div class="elementor-element elementor-element-9d8872c e-transform elementor-widget elementor-widget-icon-box" data-id="9d8872c" data-element_type="widget" data-settings="{&quot;_transform_scale_effect_hover&quot;:{&quot;unit&quot;:&quot;px&quot;,&quot;size&quot;:0.9,&quot;sizes&quot;:[]},&quot;_transform_scale_effect_hover_tablet&quot;:{&quot;unit&quot;:&quot;px&quot;,&quot;size&quot;:&quot;&quot;,&quot;sizes&quot;:[]},&quot;_transform_scale_effect_hover_mobile&quot;:{&quot;unit&quot;:&quot;px&quot;,&quot;size&quot;:&quot;&quot;,&quot;sizes&quot;:[]}}" data-widget_type="icon-box.default">
				<div class="elementor-widget-container">
							<div class="elementor-icon-box-wrapper">

			
						<div class="elementor-icon-box-content">

				
									<p class="elementor-icon-box-description">
						remplissage de trousses					</p>
				
			</div>
			
		</div>
						</div>
				</div>
					</div>
		</div>
				<div class="raven-column-link elementor-column elementor-col-33 elementor-top-column elementor-element elementor-element-357a779" data-raven-link="https://www.bruzelle.be/fr/les-ateliers/confection-de-trousses/" data-raven-link-target="_self" data-id="357a779" data-element_type="column" data-settings="{&quot;background_background&quot;:&quot;classic&quot;}">
			<div class="elementor-widget-wrap elementor-element-populated">
						<div class="elementor-element elementor-element-14ca7f7 elementor-widget elementor-widget-image" data-id="14ca7f7" data-element_type="widget" data-widget_type="image.default">
				<div class="elementor-widget-container">
															<img decoding="async" width="109" height="100" src="https://www.bruzelle.be/wp-content/uploads/2023/02/Couture-109x100-2.png" class="elementor-animation-pulse attachment-large size-large wp-image-10186" alt="" />															</div>
				</div>
				<div class="elementor-element elementor-element-f89445b e-transform elementor-widget elementor-widget-icon-box" data-id="f89445b" data-element_type="widget" data-settings="{&quot;_transform_scale_effect_hover&quot;:{&quot;unit&quot;:&quot;px&quot;,&quot;size&quot;:0.9,&quot;sizes&quot;:[]},&quot;_transform_scale_effect_hover_tablet&quot;:{&quot;unit&quot;:&quot;px&quot;,&quot;size&quot;:&quot;&quot;,&quot;sizes&quot;:[]},&quot;_transform_scale_effect_hover_mobile&quot;:{&quot;unit&quot;:&quot;px&quot;,&quot;size&quot;:&quot;&quot;,&quot;sizes&quot;:[]}}" data-widget_type="icon-box.default">
				<div class="elementor-widget-container">
							<div class="elementor-icon-box-wrapper">

			
						<div class="elementor-icon-box-content">

				
									<p class="elementor-icon-box-description">
						confection de trousses					</p>
				
			</div>
			
		</div>
						</div>
				</div>
					</div>
		</div>
				<div class="raven-column-link elementor-column elementor-col-33 elementor-top-column elementor-element elementor-element-557b417" data-raven-link="https://www.bruzelle.be/fr/les-ateliers/confection-de-serviettes-menstruelles-lavables/" data-raven-link-target="_self" data-id="557b417" data-element_type="column" data-settings="{&quot;background_background&quot;:&quot;classic&quot;}">
			<div class="elementor-widget-wrap elementor-element-populated">
						<div class="elementor-element elementor-element-e7c6e29 elementor-widget elementor-widget-image" data-id="e7c6e29" data-element_type="widget" data-widget_type="image.default">
				<div class="elementor-widget-container">
															<img decoding="async" width="72" height="100" src="https://www.bruzelle.be/wp-content/uploads/2023/02/Serviette-lavable-72x100-2.png" class="elementor-animation-pulse attachment-large size-large wp-image-10189" alt="" />															</div>
				</div>
				<div class="elementor-element elementor-element-7629bb8 e-transform elementor-widget elementor-widget-icon-box" data-id="7629bb8" data-element_type="widget" data-settings="{&quot;_transform_scale_effect_hover&quot;:{&quot;unit&quot;:&quot;px&quot;,&quot;size&quot;:0.9,&quot;sizes&quot;:[]},&quot;_transform_scale_effect_hover_tablet&quot;:{&quot;unit&quot;:&quot;px&quot;,&quot;size&quot;:&quot;&quot;,&quot;sizes&quot;:[]},&quot;_transform_scale_effect_hover_mobile&quot;:{&quot;unit&quot;:&quot;px&quot;,&quot;size&quot;:&quot;&quot;,&quot;sizes&quot;:[]}}" data-widget_type="icon-box.default">
				<div class="elementor-widget-container">
							<div class="elementor-icon-box-wrapper">

			
						<div class="elementor-icon-box-content">

				
									<p class="elementor-icon-box-description">
						confection de serviettes menstruelles lavables					</p>
				
			</div>
			
		</div>
						</div>
				</div>
					</div>
		</div>
					</div>
		</section>
				<section class="elementor-section elementor-top-section elementor-element elementor-element-9efc54d elementor-section-boxed elementor-section-height-default elementor-section-height-default" data-id="9efc54d" data-element_type="section" data-settings="{&quot;jet_parallax_layout_list&quot;:[]}">
						<div class="elementor-container elementor-column-gap-default">
					<div class="elementor-column elementor-col-100 elementor-top-column elementor-element elementor-element-fefbc99" data-id="fefbc99" data-element_type="column">
			<div class="elementor-widget-wrap elementor-element-populated">
						<div class="elementor-element elementor-element-49bba9f elementor-widget elementor-widget-text-editor" data-id="49bba9f" data-element_type="widget" data-widget_type="text-editor.default">
				<div class="elementor-widget-container">
									<p>Les ateliers sont des espaces de rencontre, ouverts à toutes et tous, qui visent à libérer la parole autour des règles par l’échange informel de vécus, de ressentis et d’expériences. Les ateliers ont également une dimension valorisante car ils permettent aux bénévoles de participer activement à la lutte contre la précarité menstruelle.</p><p>Les ateliers sont toujours gratuits mais l’inscription est obligatoire.</p><p>Consultez l’<a href="https://www.bruzelle.be/fr/agenda/">agenda</a> pour connaître les dates des ateliers dans votre région</p>								</div>
				</div>
				<div class="elementor-element elementor-element-70fec0e elementor-widget elementor-widget-spacer" data-id="70fec0e" data-element_type="widget" data-widget_type="spacer.default">
				<div class="elementor-widget-container">
							<div class="elementor-spacer">
			<div class="elementor-spacer-inner"></div>
		</div>
						</div>
				</div>
					</div>
		</div>
					</div>
		</section>
				</div>

<p>Les ateliers BruZelle organise des ateliers solidaires et citoyens qui ont pour objectifs, d’une part, la distribution gratuite des produits menstruels à  destination des personnes menstruées en situation de précarité et, d’autre part, de sensibiliser les participant.e.s aux thématiques des menstruations et de la précarité menstruelle ainsi qu’à la déconstruction du tabou autour des règles. [&hellip;]</p>
